{"id":13,"date":"2023-06-24T06:13:30","date_gmt":"2023-06-24T04:13:30","guid":{"rendered":"https:\/\/5m-art.fr\/?page_id=13"},"modified":"2023-06-24T06:13:31","modified_gmt":"2023-06-24T04:13:31","slug":"mentions-legales","status":"publish","type":"page","link":"https:\/\/5m-art.fr\/?page_id=13","title":{"rendered":"Mentions l\u00e9gales"},"content":{"rendered":"\n<h2 class=\"wp-block-heading\">Mentions l\u00e9gales<\/h2>\n\n\n\n<p>Le pr\u00e9sent site \u00ab\u00a05M-art.fr\u00a0\u00bb est \u00e9dit\u00e9 par la soci\u00e9t\u00e9 \u2026 SAS au capital de \u2026 euros, immatricul\u00e9e au Registre du Commerce et des Soci\u00e9t\u00e9s de \u2026 sous le num\u00e9ro \u2026, dont le si\u00e8ge social est situ\u00e9 \u2026 .<\/p>\n\n\n\n<p>Directeur de publication : \u2026<br>Responsable de la r\u00e9daction : \u2026<\/p>\n\n\n\n<p>H\u00e9bergement du site :<br>Notre site est h\u00e9berg\u00e9 par la soci\u00e9t\u00e9 Hostinger<\/p>\n\n\n\n<p>Protection des donn\u00e9es personnelles :<br>Les donn\u00e9es personnelles collect\u00e9es sur le Site sont destin\u00e9es \u00e0 \u2026 Nous nous engageons \u00e0 respecter la vie priv\u00e9e de nos clients et \u00e0 prot\u00e9ger toutes les informations les concernant. Nous traitons ces donn\u00e9es conform\u00e9ment aux r\u00e9glementations en vigueur, notamment le R\u00e8glement g\u00e9n\u00e9ral sur la protection des donn\u00e9es (RGPD). Vous pouvez consulter notre politique de confidentialit\u00e9 pour en savoir plus sur la mani\u00e8re dont nous collectons, utilisons et prot\u00e9geons vos donn\u00e9es personnelles.<\/p>\n\n\n\n<p>Propri\u00e9t\u00e9 intellectuelle :<br>L&rsquo;ensemble du contenu du Site, y compris les textes, graphismes, logos, images, photographies, vid\u00e9os, sons, marques et autres \u00e9l\u00e9ments sont la propri\u00e9t\u00e9 exclusive de \u2026 ou de ses partenaires. Toute reproduction, repr\u00e9sentation, diffusion ou exploitation de ce contenu est strictement interdite sans l&rsquo;autorisation pr\u00e9alable de \u2026 ou de ses partenaires.<\/p>\n\n\n\n<p>Responsabilit\u00e9 :<br>Les informations contenues sur le Site sont fournies \u00e0 titre indicatif et ne sauraient engager la responsabilit\u00e9 de \u2026 en cas d&rsquo;erreur ou d&rsquo;omission. Nous ne saurions \u00eatre tenus responsables des dommages directs ou indirects r\u00e9sultant de l&rsquo;utilisation du Site ou des informations qu&rsquo;il contient.<\/p>\n\n\n\n<p>Droit applicable :<br>Les pr\u00e9sentes mentions l\u00e9gales sont r\u00e9gies par le droit fran\u00e7ais. En cas de litige, les tribunaux fran\u00e7ais seront seuls comp\u00e9tents.<\/p>\n\n\n\n<p>Pour toute question concernant le Site, vous pouvez nous contacter \u00e0 l&rsquo;adresse suivante : \u2026<\/p>\n","protected":false},"excerpt":{"rendered":"<p>Mentions l\u00e9gales Le pr\u00e9sent site \u00ab\u00a05M-art.fr\u00a0\u00bb est \u00e9dit\u00e9 par la soci\u00e9t\u00e9 \u2026 SAS au capital de \u2026 euros, immatricul\u00e9e au Registre du Commerce et des Soci\u00e9t\u00e9s de \u2026 sous le num\u00e9ro \u2026, dont le si\u00e8ge social est situ\u00e9 \u2026 . Directeur de publication : \u2026Responsable de la r\u00e9daction : \u2026 H\u00e9bergement du site :Notre site&#8230;<\/p>\n","protected":false},"author":1,"featured_media":0,"parent":0,"menu_order":0,"comment_status":"closed","ping_status":"closed","template":"","meta":{"_kad_post_transparent":"","_kad_post_title":"","_kad_post_layout":"","_kad_post_sidebar_id":"","_kad_post_content_style":"","_kad_post_vertical_padding":"","_kad_post_feature":"","_kad_post_feature_position":"","_kad_post_header":false,"_kad_post_footer":false,"footnotes":""},"class_list":["post-13","page","type-page","status-publish","hentry"],"_links":{"self":[{"href":"https:\/\/5m-art.fr\/index.php?rest_route=\/wp\/v2\/pages\/13"}],"collection":[{"href":"https:\/\/5m-art.fr\/index.php?rest_route=\/wp\/v2\/pages"}],"about":[{"href":"https:\/\/5m-art.fr\/index.php?rest_route=\/wp\/v2\/types\/page"}],"author":[{"embeddable":true,"href":"https:\/\/5m-art.fr\/index.php?rest_route=\/wp\/v2\/users\/1"}],"replies":[{"embeddable":true,"href":"https:\/\/5m-art.fr\/index.php?rest_route=%2Fwp%2Fv2%2Fcomments&post=13"}],"version-history":[{"count":1,"href":"https:\/\/5m-art.fr\/index.php?rest_route=\/wp\/v2\/pages\/13\/revisions"}],"predecessor-version":[{"id":14,"href":"https:\/\/5m-art.fr\/index.php?rest_route=\/wp\/v2\/pages\/13\/revisions\/14"}],"wp:attachment":[{"href":"https:\/\/5m-art.fr\/index.php?rest_route=%2Fwp%2Fv2%2Fmedia&parent=13"}],"curies":[{"name":"wp","href":"https:\/\/api.w.org\/{rel}","templated":true}]}}