{"id":97,"date":"2023-06-30T14:40:04","date_gmt":"2023-06-30T12:40:04","guid":{"rendered":"https:\/\/5m-art.fr\/?page_id=97"},"modified":"2025-06-16T15:48:47","modified_gmt":"2025-06-16T13:48:47","slug":"stretching","status":"publish","type":"page","link":"https:\/\/5m-art.fr\/?page_id=97","title":{"rendered":"Stretching"},"content":{"rendered":"<style>.kb-row-layout-id_e682f1-5f > .kt-row-column-wrap{align-content:start;}:where(.kb-row-layout-id_e682f1-5f > .kt-row-column-wrap) > .wp-block-kadence-column{justify-content:start;}.kb-row-layout-id_e682f1-5f > .kt-row-column-wrap{column-gap:var(--global-kb-gap-md, 2rem);row-gap:var(--global-kb-gap-md, 2rem);max-width:var( --global-content-width, 1290px );padding-left:var(--global-content-edge-padding);padding-right:var(--global-content-edge-padding);padding-top:0px;padding-bottom:0px;grid-template-columns:minmax(0, 55%) minmax(0, 45%);}.kb-row-layout-id_e682f1-5f > .kt-row-layout-overlay{opacity:0.30;}@media all and (max-width: 1024px){.kb-row-layout-id_e682f1-5f > .kt-row-column-wrap{grid-template-columns:repeat(2, minmax(0, 1fr));}}@media all and (max-width: 767px){.kb-row-layout-id_e682f1-5f > .kt-row-column-wrap{grid-template-columns:minmax(0, 1fr);}}<\/style><div class=\"kb-row-layout-wrap kb-row-layout-id_e682f1-5f alignnone wp-block-kadence-rowlayout\"><div class=\"kt-row-column-wrap kt-has-2-columns kt-row-layout-equal kt-tab-layout-inherit kt-mobile-layout-row kt-row-valign-top kt-inner-column-height-full kb-theme-content-width\">\n<style>.kadence-column_4a6ade-c5 > .kt-inside-inner-col,.kadence-column_4a6ade-c5 > .kt-inside-inner-col:before{border-top-left-radius:0px;border-top-right-radius:0px;border-bottom-right-radius:0px;border-bottom-left-radius:0px;}.kadence-column_4a6ade-c5 > .kt-inside-inner-col:before{opacity:0.3;}.kadence-column_4a6ade-c5{position:relative;}<\/style>\n<div class=\"wp-block-kadence-column kadence-column_4a6ade-c5 inner-column-1\"><div class=\"kt-inside-inner-col\"><style>.wp-block-kadence-advancedheading.kt-adv-heading_0390e3-00, .wp-block-kadence-advancedheading.kt-adv-heading_0390e3-00[data-kb-block=\"kb-adv-heading_0390e3-00\"]{font-style:normal;}.wp-block-kadence-advancedheading.kt-adv-heading_0390e3-00 mark, .wp-block-kadence-advancedheading.kt-adv-heading_0390e3-00[data-kb-block=\"kb-adv-heading_0390e3-00\"] mark{font-style:normal;color:#f76a0c;padding-top:0px;padding-right:0px;padding-bottom:0px;padding-left:0px;}<\/style>\n<h2 class=\"kt-adv-heading_0390e3-00 wp-block-kadence-advancedheading has-theme-palette-4-color has-text-color\" data-kb-block=\"kb-adv-heading_0390e3-00\">\u2728Stretching et Relaxation\u2728<\/h2>\n\n\n\n<p>Le Stretching c&rsquo;est l&rsquo;art de s\u2019\u00e9tirer pour se renforcer. Le Stretching permet de mieux connaitre son corps et de gagner en libert\u00e9 de mouvement. <\/p>\n\n\n\n<p>Stretching est une m\u00e9thode douce qui allie renforcement, respiration et assouplissement<\/p>\n\n\n\n<p>Le stretching se rapproche beaucoup du Yoga. le travail est profond procurant de nombreux bienfaits tant pour le corps que pour l&rsquo;esprit<\/p>\n\n\n\n<p>Gr\u00e2ce \u00e0 plusieurs exercices, le corps se rel\u00e2che et s&rsquo;assouplit. Les cellules sont nettoy\u00e9es, les muscles se r\u00e9g\u00e9n\u00e8rent en douceur luttant ainsi contre les maladie osseuses (arthrose)<\/p>\n\n\n\n<p>Une s\u00e9ance de stretching vous procure une sensation de bien-\u00eatre et vous permet de retrouver un dos solide et un corps plus fort.<\/p>\n\n\n<style>.wp-block-kadence-iconlist.kt-svg-icon-list-items_bf7c6e-ed ul.kt-svg-icon-list:not(.this-prevents-issues):not(.this-stops-third-party-issues):not(.tijsloc){margin-top:0px;margin-bottom:10px;margin-left:0px;}.wp-block-kadence-iconlist.kt-svg-icon-list-items_bf7c6e-ed ul.kt-svg-icon-list{grid-row-gap:20px;}.wp-block-kadence-iconlist.kt-svg-icon-list-items_bf7c6e-ed ul.kt-svg-icon-list .kt-svg-icon-list-item-wrap .kt-svg-icon-list-single{margin-right:10px;}.kt-svg-icon-list-items_bf7c6e-ed ul.kt-svg-icon-list .kt-svg-icon-list-item-wrap, .kt-svg-icon-list-items_bf7c6e-ed ul.kt-svg-icon-list .kt-svg-icon-list-item-wrap a{color:var(--global-palette4, #2D3748);color:var(--global-palette4, #2D3748);}@media all and (min-width: 1025px){.wp-block-kadence-iconlist.kt-svg-icon-list-items_bf7c6e-ed:not(.kt-svg-icon-list-columns-1) ul.kt-svg-icon-list .kt-svg-icon-list-item-wrap:not(:last-child){margin:0px;}}@media all and (max-width: 1024px){.wp-block-kadence-iconlist.kt-svg-icon-list-items_bf7c6e-ed ul.kt-svg-icon-list{grid-row-gap:20px;}}@media all and (min-width: 768px) and (max-width: 1024px){.wp-block-kadence-iconlist.kt-svg-icon-list-items_bf7c6e-ed:not(.kt-tablet-svg-icon-list-columns-1) ul.kt-svg-icon-list .kt-svg-icon-list-item-wrap:not(:last-child){margin:0px;}}@media all and (max-width: 767px){.wp-block-kadence-iconlist.kt-svg-icon-list-items_bf7c6e-ed ul.kt-svg-icon-list{grid-row-gap:20px;}}<\/style>\n<div class=\"wp-block-kadence-iconlist kt-svg-icon-list-items kt-svg-icon-list-items_bf7c6e-ed kt-svg-icon-list-columns-2 alignnone kt-mobile-svg-icon-list-columns-1\"><ul class=\"kt-svg-icon-list\"><style>.kt-svg-icon-list-item-_ce671b-07 .kt-svg-icon-list-single{font-size:20px !important;color:var(--global-palette1, #3182CE) !important;}<\/style>\n<li class=\"wp-block-kadence-listitem kt-svg-icon-list-item-wrap kt-svg-icon-list-item-_ce671b-07 kt-svg-icon-list-style-default\"><span class=\"kb-svg-icon-wrap kb-svg-icon-fas_check-circle kt-svg-icon-list-single\"><svg viewBox=\"0 0 512 512\"  fill=\"currentColor\" xmlns=\"http:\/\/www.w3.org\/2000\/svg\" ><path d=\"M504 256c0 136.967-111.033 248-248 248S8 392.967 8 256 119.033 8 256 8s248 111.033 248 248zM227.314 387.314l184-184c6.248-6.248 6.248-16.379 0-22.627l-22.627-22.627c-6.248-6.249-16.379-6.249-22.628 0L216 308.118l-70.059-70.059c-6.248-6.248-16.379-6.248-22.628 0l-22.627 22.627c-6.248 6.248-6.248 16.379 0 22.627l104 104c6.249 6.249 16.379 6.249 22.628.001z\"\/><\/svg><\/span><span class=\"kt-svg-icon-list-text\">S\u00e9niors<\/span><\/li>\n\n\n<style>.kt-svg-icon-list-item-_2e5fcf-3e .kt-svg-icon-list-single{font-size:20px !important;color:var(--global-palette1, #3182CE) !important;}<\/style>\n<li class=\"wp-block-kadence-listitem kt-svg-icon-list-item-wrap kt-svg-icon-list-item-_2e5fcf-3e kt-svg-icon-list-style-default\"><span class=\"kb-svg-icon-wrap kb-svg-icon-fas_check-circle kt-svg-icon-list-single\"><svg viewBox=\"0 0 512 512\"  fill=\"currentColor\" xmlns=\"http:\/\/www.w3.org\/2000\/svg\" ><path d=\"M504 256c0 136.967-111.033 248-248 248S8 392.967 8 256 119.033 8 256 8s248 111.033 248 248zM227.314 387.314l184-184c6.248-6.248 6.248-16.379 0-22.627l-22.627-22.627c-6.248-6.249-16.379-6.249-22.628 0L216 308.118l-70.059-70.059c-6.248-6.248-16.379-6.248-22.628 0l-22.627 22.627c-6.248 6.248-6.248 16.379 0 22.627l104 104c6.249 6.249 16.379 6.249 22.628.001z\"\/><\/svg><\/span><span class=\"kt-svg-icon-list-text\">Femmes enceintes<\/span><\/li>\n\n\n<style>.kt-svg-icon-list-item-_cf856e-96 .kt-svg-icon-list-single{font-size:20px !important;color:var(--global-palette1, #3182CE) !important;}<\/style>\n<li class=\"wp-block-kadence-listitem kt-svg-icon-list-item-wrap kt-svg-icon-list-item-_cf856e-96 kt-svg-icon-list-style-default\"><span class=\"kb-svg-icon-wrap kb-svg-icon-fas_check-circle kt-svg-icon-list-single\"><svg viewBox=\"0 0 512 512\"  fill=\"currentColor\" xmlns=\"http:\/\/www.w3.org\/2000\/svg\" ><path d=\"M504 256c0 136.967-111.033 248-248 248S8 392.967 8 256 119.033 8 256 8s248 111.033 248 248zM227.314 387.314l184-184c6.248-6.248 6.248-16.379 0-22.627l-22.627-22.627c-6.248-6.249-16.379-6.249-22.628 0L216 308.118l-70.059-70.059c-6.248-6.248-16.379-6.248-22.628 0l-22.627 22.627c-6.248 6.248-6.248 16.379 0 22.627l104 104c6.249 6.249 16.379 6.249 22.628.001z\"\/><\/svg><\/span><span class=\"kt-svg-icon-list-text\">D\u00e9butantes<\/span><\/li>\n\n\n<style>.kt-svg-icon-list-item-_4c1a62-2d .kt-svg-icon-list-single{font-size:20px !important;color:var(--global-palette1, #3182CE) !important;}<\/style>\n<li class=\"wp-block-kadence-listitem kt-svg-icon-list-item-wrap kt-svg-icon-list-item-_4c1a62-2d kt-svg-icon-list-style-default\"><span class=\"kb-svg-icon-wrap kb-svg-icon-fas_check-circle kt-svg-icon-list-single\"><svg viewBox=\"0 0 512 512\"  fill=\"currentColor\" xmlns=\"http:\/\/www.w3.org\/2000\/svg\" ><path d=\"M504 256c0 136.967-111.033 248-248 248S8 392.967 8 256 119.033 8 256 8s248 111.033 248 248zM227.314 387.314l184-184c6.248-6.248 6.248-16.379 0-22.627l-22.627-22.627c-6.248-6.249-16.379-6.249-22.628 0L216 308.118l-70.059-70.059c-6.248-6.248-16.379-6.248-22.628 0l-22.627 22.627c-6.248 6.248-6.248 16.379 0 22.627l104 104c6.249 6.249 16.379 6.249 22.628.001z\"\/><\/svg><\/span><span class=\"kt-svg-icon-list-text\"><meta charset=\"utf-8\"><\/meta>Confirm\u00e9es<\/span><\/li>\n<\/ul><\/div>\n<\/div><\/div>\n\n\n<style>.kadence-column_5001f6-06 > .kt-inside-inner-col,.kadence-column_5001f6-06 > .kt-inside-inner-col:before{border-top-left-radius:7px;border-top-right-radius:7px;border-bottom-right-radius:7px;border-bottom-left-radius:7px;}.kadence-column_5001f6-06 > .kt-inside-inner-col{background-image:url('http:\/\/5m-art.fr\/wp-content\/uploads\/2023\/07\/stretching.jpeg');background-size:cover;background-position:36% 63%;background-attachment:scroll;background-repeat:no-repeat;}.kadence-column_5001f6-06 > .kt-inside-inner-col:before{opacity:0.3;}.kadence-column_5001f6-06{position:relative;}<\/style>\n<div class=\"wp-block-kadence-column kadence-column_5001f6-06 inner-column-2\"><div class=\"kt-inside-inner-col\"><style>.kb-row-layout-wrap.wp-block-kadence-rowlayout.kb-row-layout-id_68ab62-5d{margin-bottom:-140px;}.kb-row-layout-id_68ab62-5d > .kt-row-column-wrap{align-content:start;}:where(.kb-row-layout-id_68ab62-5d > .kt-row-column-wrap) > .wp-block-kadence-column{justify-content:start;}.kb-row-layout-id_68ab62-5d > .kt-row-column-wrap{column-gap:var(--global-kb-gap-none, 0 );row-gap:var(--global-kb-gap-md, 2rem);padding-top:25px;padding-bottom:0px;grid-template-columns:minmax(0, 83.4%) minmax(0, 16.6%);}.kb-row-layout-id_68ab62-5d > .kt-row-layout-overlay{opacity:0.30;mix-blend-mode:normal;}.kb-row-layout-id_68ab62-5d{z-index:100;position:relative;}@media all and (max-width: 1024px){.kb-row-layout-id_68ab62-5d > .kt-row-column-wrap{grid-template-columns:repeat(2, minmax(0, 1fr));}}@media all and (max-width: 767px){.kb-row-layout-id_68ab62-5d > .kt-row-column-wrap{padding-top:50px;padding-bottom:300px;grid-template-columns:minmax(0, 1fr);}}<\/style><div class=\"kb-row-layout-wrap kb-row-layout-id_68ab62-5d alignnone wp-block-kadence-rowlayout\"><div class=\"kt-row-column-wrap kt-has-2-columns kt-row-layout-equal kt-tab-layout-inherit kt-mobile-layout-row kt-row-valign-top\">\n<style>.kadence-column_120efe-7c, .kt-inside-inner-col > .kadence-column_120efe-7c:not(.specificity){margin-top:-70px;margin-right:20px;}.kadence-column_120efe-7c > .kt-inside-inner-col{padding-top:0px;padding-right:0px;padding-bottom:0px;padding-left:0px;}.kadence-column_120efe-7c > .kt-inside-inner-col,.kadence-column_120efe-7c > .kt-inside-inner-col:before{border-top-left-radius:7px;border-top-right-radius:7px;border-bottom-right-radius:7px;border-bottom-left-radius:7px;}.kadence-column_120efe-7c > .kt-inside-inner-col:before{opacity:0.3;}.kadence-column_120efe-7c{position:relative;}<\/style>\n<div class=\"wp-block-kadence-column kadence-column_120efe-7c inner-column-2\"><div class=\"kt-inside-inner-col\"><style>.kb-row-layout-id_d7f8a9-d8 > .kt-row-column-wrap{align-content:start;}:where(.kb-row-layout-id_d7f8a9-d8 > .kt-row-column-wrap) > .wp-block-kadence-column{justify-content:start;}.kb-row-layout-id_d7f8a9-d8 > .kt-row-column-wrap{column-gap:var(--global-kb-gap-md, 2rem);row-gap:var(--global-kb-gap-md, 2rem);padding-top:6px;padding-right:30px;padding-bottom:26px;padding-left:30px;grid-template-columns:minmax(0, 1fr);}.kb-row-layout-id_d7f8a9-d8{border-top-left-radius:7px;border-top-right-radius:7px;border-bottom-right-radius:7px;border-bottom-left-radius:7px;overflow:hidden;isolation:isolate;}.kb-row-layout-id_d7f8a9-d8 > .kt-row-layout-overlay{opacity:0.40;background-image:url('http:\/\/pethomeo.fr\/wp-content\/uploads\/2022\/11\/patter-white.png');background-size:cover;background-position:center center;background-attachment:scroll;background-repeat:no-repeat;mix-blend-mode:overlay;}@media all and (max-width: 1024px){.kb-row-layout-id_d7f8a9-d8 > .kt-row-column-wrap{grid-template-columns:minmax(0, 1fr);}}@media all and (max-width: 767px){.kb-row-layout-id_d7f8a9-d8 > .kt-row-column-wrap{grid-template-columns:minmax(0, 1fr);}}<\/style><div class=\"kb-row-layout-wrap kb-row-layout-id_d7f8a9-d8 alignnone has-theme-palette1-background-color kt-row-has-bg wp-block-kadence-rowlayout\"><div class=\"kt-row-layout-overlay kt-row-overlay-normal\"><\/div><div class=\"kt-row-column-wrap kt-has-1-columns kt-row-layout-equal kt-tab-layout-inherit kt-mobile-layout-row kt-row-valign-top\">\n<style>.kadence-column_5a2f67-b3 > .kt-inside-inner-col,.kadence-column_5a2f67-b3 > .kt-inside-inner-col:before{border-top-left-radius:0px;border-top-right-radius:0px;border-bottom-right-radius:0px;border-bottom-left-radius:0px;}.kadence-column_5a2f67-b3 > .kt-inside-inner-col:before{opacity:0.3;}.kadence-column_5a2f67-b3{position:relative;}<\/style>\n<div class=\"wp-block-kadence-column kadence-column_5a2f67-b3 inner-column-1\"><div class=\"kt-inside-inner-col\"><style>.wp-block-kadence-advancedheading.kt-adv-heading_64dbd6-61, .wp-block-kadence-advancedheading.kt-adv-heading_64dbd6-61[data-kb-block=\"kb-adv-heading_64dbd6-61\"]{text-align:center;font-size:28px;font-style:normal;}.wp-block-kadence-advancedheading.kt-adv-heading_64dbd6-61 mark, .wp-block-kadence-advancedheading.kt-adv-heading_64dbd6-61[data-kb-block=\"kb-adv-heading_64dbd6-61\"] mark{font-style:normal;color:#f76a0c;padding-top:0px;padding-right:0px;padding-bottom:0px;padding-left:0px;}<\/style>\n<h4 class=\"kt-adv-heading_64dbd6-61 wp-block-kadence-advancedheading has-theme-palette-9-color has-text-color\" data-kb-block=\"kb-adv-heading_64dbd6-61\"><strong>Adapt\u00e9e \u00e0 toutes !<\/strong><\/h4>\n<\/div><\/div>\n\n<\/div><\/div><\/div><\/div>\n\n\n<style>.kadence-column_d92676-7e > .kt-inside-inner-col,.kadence-column_d92676-7e > .kt-inside-inner-col:before{border-top-left-radius:0px;border-top-right-radius:0px;border-bottom-right-radius:0px;border-bottom-left-radius:0px;}.kadence-column_d92676-7e > .kt-inside-inner-col:before{opacity:0.3;}.kadence-column_d92676-7e{position:relative;}<\/style>\n<div class=\"wp-block-kadence-column kadence-column_d92676-7e\"><div class=\"kt-inside-inner-col\"><\/div><\/div>\n\n<\/div><\/div>\n\n<style>.kb-row-layout-id_e710ae-13 > .kt-row-column-wrap{align-content:center;}:where(.kb-row-layout-id_e710ae-13 > .kt-row-column-wrap) > .wp-block-kadence-column{justify-content:center;}.kb-row-layout-id_e710ae-13 > .kt-row-column-wrap{column-gap:var(--global-kb-gap-md, 2rem);row-gap:var(--global-kb-gap-md, 2rem);padding-top:0px;padding-bottom:0px;grid-template-columns:minmax(0, 1fr);}.kb-row-layout-id_e710ae-13 > .kt-row-layout-overlay{opacity:0.30;}@media all and (max-width: 1024px){.kb-row-layout-id_e710ae-13 > .kt-row-column-wrap{grid-template-columns:minmax(0, 1fr);}}@media all and (max-width: 767px){.kb-row-layout-id_e710ae-13 > .kt-row-column-wrap{grid-template-columns:minmax(0, 1fr);}}<\/style><div class=\"kb-row-layout-wrap kb-row-layout-id_e710ae-13 alignnone wp-block-kadence-rowlayout\"><div class=\"kt-row-column-wrap kt-has-1-columns kt-row-layout-equal kt-tab-layout-inherit kt-mobile-layout-row kt-row-valign-middle\">\n<style>.kadence-column_829aad-68 > .kt-inside-inner-col,.kadence-column_829aad-68 > .kt-inside-inner-col:before{border-top-left-radius:0px;border-top-right-radius:0px;border-bottom-right-radius:0px;border-bottom-left-radius:0px;}.kadence-column_829aad-68 > .kt-inside-inner-col:before{opacity:0.3;}.kadence-column_829aad-68{position:relative;}<\/style>\n<div class=\"wp-block-kadence-column kadence-column_829aad-68 inner-column-1\"><div class=\"kt-inside-inner-col\">\n<figure class=\"wp-block-image size-large is-resized\"><img loading=\"lazy\" decoding=\"async\" width=\"1024\" height=\"1024\" src=\"https:\/\/5m-art.fr\/wp-content\/uploads\/2025\/06\/Gemini_Generated_Image_aza99yaza99yaza9-1024x1024.jpeg\" alt=\"\" class=\"wp-image-1051\" style=\"width:544px;height:auto\" srcset=\"https:\/\/5m-art.fr\/wp-content\/uploads\/2025\/06\/Gemini_Generated_Image_aza99yaza99yaza9-1024x1024.jpeg 1024w, https:\/\/5m-art.fr\/wp-content\/uploads\/2025\/06\/Gemini_Generated_Image_aza99yaza99yaza9-300x300.jpeg 300w, https:\/\/5m-art.fr\/wp-content\/uploads\/2025\/06\/Gemini_Generated_Image_aza99yaza99yaza9-150x150.jpeg 150w, https:\/\/5m-art.fr\/wp-content\/uploads\/2025\/06\/Gemini_Generated_Image_aza99yaza99yaza9-768x768.jpeg 768w, https:\/\/5m-art.fr\/wp-content\/uploads\/2025\/06\/Gemini_Generated_Image_aza99yaza99yaza9-1536x1536.jpeg 1536w, https:\/\/5m-art.fr\/wp-content\/uploads\/2025\/06\/Gemini_Generated_Image_aza99yaza99yaza9.jpeg 2048w\" sizes=\"(max-width: 1024px) 100vw, 1024px\" \/><\/figure>\n<\/div><\/div>\n\n<\/div><\/div><\/div><\/div>\n\n<\/div><\/div>\n\n<style>.kb-row-layout-id_d2a0a2-6f > .kt-row-column-wrap{align-content:start;}:where(.kb-row-layout-id_d2a0a2-6f > .kt-row-column-wrap) > .wp-block-kadence-column{justify-content:start;}.kb-row-layout-id_d2a0a2-6f > .kt-row-column-wrap{column-gap:var(--global-kb-gap-md, 2rem);row-gap:var(--global-kb-gap-md, 2rem);padding-top:var(--global-kb-spacing-sm, 1.5rem);padding-bottom:var(--global-kb-spacing-sm, 1.5rem);grid-template-columns:repeat(3, minmax(0, 1fr));}.kb-row-layout-id_d2a0a2-6f > .kt-row-layout-overlay{opacity:0.30;}@media all and (max-width: 1024px){.kb-row-layout-id_d2a0a2-6f > .kt-row-column-wrap{grid-template-columns:repeat(3, minmax(0, 1fr));}}@media all and (max-width: 767px){.kb-row-layout-id_d2a0a2-6f > .kt-row-column-wrap{grid-template-columns:minmax(0, 1fr);}}<\/style><div class=\"kb-row-layout-wrap kb-row-layout-id_d2a0a2-6f alignnone wp-block-kadence-rowlayout\"><div class=\"kt-row-column-wrap kt-has-3-columns kt-row-layout-equal kt-tab-layout-inherit kt-mobile-layout-row kt-row-valign-top\">\n<style>.kadence-column_da49ce-3a > .kt-inside-inner-col,.kadence-column_da49ce-3a > .kt-inside-inner-col:before{border-top-left-radius:0px;border-top-right-radius:0px;border-bottom-right-radius:0px;border-bottom-left-radius:0px;}.kadence-column_da49ce-3a > .kt-inside-inner-col:before{opacity:0.3;}.kadence-column_da49ce-3a{position:relative;}<\/style>\n<div class=\"wp-block-kadence-column kadence-column_da49ce-3a\"><div class=\"kt-inside-inner-col\">\n<figure class=\"wp-block-image size-full is-resized\"><img loading=\"lazy\" decoding=\"async\" width=\"612\" height=\"408\" src=\"https:\/\/5m-art.fr\/wp-content\/uploads\/2025\/06\/istockphoto-1455765478-612x612-1.jpg\" alt=\"\" class=\"wp-image-1052\" style=\"width:432px;height:auto\" srcset=\"https:\/\/5m-art.fr\/wp-content\/uploads\/2025\/06\/istockphoto-1455765478-612x612-1.jpg 612w, https:\/\/5m-art.fr\/wp-content\/uploads\/2025\/06\/istockphoto-1455765478-612x612-1-300x200.jpg 300w\" sizes=\"(max-width: 612px) 100vw, 612px\" \/><\/figure>\n<\/div><\/div>\n\n\n<style>.kadence-column_d054af-37 > .kt-inside-inner-col,.kadence-column_d054af-37 > .kt-inside-inner-col:before{border-top-left-radius:0px;border-top-right-radius:0px;border-bottom-right-radius:0px;border-bottom-left-radius:0px;}.kadence-column_d054af-37 > .kt-inside-inner-col:before{opacity:0.3;}.kadence-column_d054af-37{position:relative;}<\/style>\n<div class=\"wp-block-kadence-column kadence-column_d054af-37\"><div class=\"kt-inside-inner-col\"><style>.kb-image_75df5e-64 .kb-image-has-overlay:after{opacity:0.3;}<\/style>\n<figure class=\"wp-block-kadence-image kb-image_75df5e-64 size-large\"><img loading=\"lazy\" decoding=\"async\" width=\"724\" height=\"1024\" src=\"https:\/\/5m-art.fr\/wp-content\/uploads\/2024\/07\/Flyer-A4-yoga-epure-vert-724x1024.jpg\" alt=\"\" class=\"kb-img wp-image-670\" srcset=\"https:\/\/5m-art.fr\/wp-content\/uploads\/2024\/07\/Flyer-A4-yoga-epure-vert-724x1024.jpg 724w, https:\/\/5m-art.fr\/wp-content\/uploads\/2024\/07\/Flyer-A4-yoga-epure-vert-212x300.jpg 212w, https:\/\/5m-art.fr\/wp-content\/uploads\/2024\/07\/Flyer-A4-yoga-epure-vert-768x1086.jpg 768w, https:\/\/5m-art.fr\/wp-content\/uploads\/2024\/07\/Flyer-A4-yoga-epure-vert-1086x1536.jpg 1086w, https:\/\/5m-art.fr\/wp-content\/uploads\/2024\/07\/Flyer-A4-yoga-epure-vert.jpg 1414w\" sizes=\"(max-width: 724px) 100vw, 724px\" \/><\/figure>\n<\/div><\/div>\n\n\n<style>.kadence-column_767d70-da > .kt-inside-inner-col,.kadence-column_767d70-da > .kt-inside-inner-col:before{border-top-left-radius:0px;border-top-right-radius:0px;border-bottom-right-radius:0px;border-bottom-left-radius:0px;}.kadence-column_767d70-da > .kt-inside-inner-col:before{opacity:0.3;}.kadence-column_767d70-da{position:relative;}<\/style>\n<div class=\"wp-block-kadence-column kadence-column_767d70-da\"><div class=\"kt-inside-inner-col\">\n<figure class=\"wp-block-image size-large\"><img loading=\"lazy\" decoding=\"async\" width=\"1024\" height=\"1024\" src=\"https:\/\/5m-art.fr\/wp-content\/uploads\/2025\/06\/Gemini_Generated_Image_uiem5uiem5uiem5u-1024x1024.jpeg\" alt=\"\" class=\"wp-image-1053\" srcset=\"https:\/\/5m-art.fr\/wp-content\/uploads\/2025\/06\/Gemini_Generated_Image_uiem5uiem5uiem5u-1024x1024.jpeg 1024w, https:\/\/5m-art.fr\/wp-content\/uploads\/2025\/06\/Gemini_Generated_Image_uiem5uiem5uiem5u-300x300.jpeg 300w, https:\/\/5m-art.fr\/wp-content\/uploads\/2025\/06\/Gemini_Generated_Image_uiem5uiem5uiem5u-150x150.jpeg 150w, https:\/\/5m-art.fr\/wp-content\/uploads\/2025\/06\/Gemini_Generated_Image_uiem5uiem5uiem5u-768x768.jpeg 768w, https:\/\/5m-art.fr\/wp-content\/uploads\/2025\/06\/Gemini_Generated_Image_uiem5uiem5uiem5u-1536x1536.jpeg 1536w, https:\/\/5m-art.fr\/wp-content\/uploads\/2025\/06\/Gemini_Generated_Image_uiem5uiem5uiem5u.jpeg 2048w\" sizes=\"(max-width: 1024px) 100vw, 1024px\" \/><\/figure>\n<\/div><\/div>\n\n<\/div><\/div>","protected":false},"excerpt":{"rendered":"<p>\u2728Stretching et Relaxation\u2728 Le Stretching c&rsquo;est l&rsquo;art de s\u2019\u00e9tirer pour se renforcer. Le Stretching permet de mieux connaitre son corps et de gagner en libert\u00e9 de mouvement. Stretching est une m\u00e9thode douce qui allie renforcement, respiration et assouplissement Le stretching se rapproche beaucoup du Yoga. le travail est profond procurant de nombreux bienfaits tant pour&#8230;<\/p>\n","protected":false},"author":1,"featured_media":0,"parent":0,"menu_order":0,"comment_status":"closed","ping_status":"closed","template":"","meta":{"_kad_post_transparent":"","_kad_post_title":"","_kad_post_layout":"","_kad_post_sidebar_id":"","_kad_post_content_style":"","_kad_post_vertical_padding":"","_kad_post_feature":"","_kad_post_feature_position":"","_kad_post_header":false,"_kad_post_footer":false,"footnotes":""},"class_list":["post-97","page","type-page","status-publish","hentry"],"_links":{"self":[{"href":"https:\/\/5m-art.fr\/index.php?rest_route=\/wp\/v2\/pages\/97"}],"collection":[{"href":"https:\/\/5m-art.fr\/index.php?rest_route=\/wp\/v2\/pages"}],"about":[{"href":"https:\/\/5m-art.fr\/index.php?rest_route=\/wp\/v2\/types\/page"}],"author":[{"embeddable":true,"href":"https:\/\/5m-art.fr\/index.php?rest_route=\/wp\/v2\/users\/1"}],"replies":[{"embeddable":true,"href":"https:\/\/5m-art.fr\/index.php?rest_route=%2Fwp%2Fv2%2Fcomments&post=97"}],"version-history":[{"count":10,"href":"https:\/\/5m-art.fr\/index.php?rest_route=\/wp\/v2\/pages\/97\/revisions"}],"predecessor-version":[{"id":1055,"href":"https:\/\/5m-art.fr\/index.php?rest_route=\/wp\/v2\/pages\/97\/revisions\/1055"}],"wp:attachment":[{"href":"https:\/\/5m-art.fr\/index.php?rest_route=%2Fwp%2Fv2%2Fmedia&parent=97"}],"curies":[{"name":"wp","href":"https:\/\/api.w.org\/{rel}","templated":true}]}}